{"id":29,"date":"2020-02-17T12:12:28","date_gmt":"2020-02-17T11:12:28","guid":{"rendered":"http:\/\/memoireducorps.fr\/?page_id=29"},"modified":"2023-06-05T12:05:27","modified_gmt":"2023-06-05T10:05:27","slug":"mon-parcours","status":"publish","type":"page","link":"https:\/\/memoireducorps.fr\/index.php\/mon-parcours\/","title":{"rendered":"Mon parcours"},"content":{"rendered":"\n<div class=\"wp-block-media-text alignwide\" style=\"grid-template-columns:33% auto\"><figure class=\"wp-block-media-text__media\"><img data-recalc-dims=\"1\" fetchpriority=\"high\" decoding=\"async\" width=\"446\" height=\"572\" src=\"https:\/\/i0.wp.com\/memoireducorps.fr\/wp-content\/uploads\/2020\/05\/emeu-site-2.jpg?resize=446%2C572&#038;ssl=1\" alt=\"\" class=\"wp-image-1138 size-full\" srcset=\"https:\/\/i0.wp.com\/memoireducorps.fr\/wp-content\/uploads\/2020\/05\/emeu-site-2.jpg?w=446&amp;ssl=1 446w, https:\/\/i0.wp.com\/memoireducorps.fr\/wp-content\/uploads\/2020\/05\/emeu-site-2.jpg?resize=234%2C300&amp;ssl=1 234w, https:\/\/i0.wp.com\/memoireducorps.fr\/wp-content\/uploads\/2020\/05\/emeu-site-2.jpg?resize=47%2C60&amp;ssl=1 47w\" sizes=\"(max-width: 446px) 100vw, 446px\" \/><\/figure><div class=\"wp-block-media-text__content\">\n<h2 class=\"has-text-align-center wp-block-heading\">Emeline Fr\u00e9ville<\/h2>\n\n\n\n<p class=\"has-text-align-center\">Kin\u00e9siologue depuis 2015, Instructrice en :<\/p>\n\n\n\n<ul class=\"wp-block-list\"><li>Touch For Health1-4, M\u00e9taphores, Energies Tib\u00e9taines, TFH Proficiency<\/li><li>KCS 1 (Kin\u00e9siologie Cr\u00e2nio-Sacr\u00e9e), <\/li><li>Bases, EME (Equilibre, Mouvement, Emotions), KPN 1 (Kin\u00e9siologie P\u00e9ri-Natale)<\/li><\/ul>\n\n\n\n<p class=\"has-text-align-center\">Certification d&rsquo;instructrice en cours : Stress Release 1-3<\/p>\n<\/div><\/div>\n\n\n\n<p class=\"has-text-align-center\">Convaincue depuis le plus jeune \u00e2ge des capacit\u00e9s du corps humain et de la relation intrins\u00e8que entre le psychique et le corps, j&rsquo;\u00e9tais dans la dynamique d&rsquo;aller au bout de ma d\u00e9termination \u00e0 atteindre mes objectifs de gymnastes dans un premier temps, de danseuse et de tout ce que j&rsquo;entreprenais quand je l&rsquo;avais d\u00e9cid\u00e9. Quelques obstacles psychiques ont rencontr\u00e9 ma route dans ces ascensions notamment de nombreux d\u00e9c\u00e8s de ma famille proche. Ce qui a affect\u00e9 mon esprit puis mon corps jusqu&rsquo;\u00e0 ce que la maladie m&rsquo;ait atteinte. <\/p>\n\n\n\n<p class=\"has-text-align-center\">La Kin\u00e9siologie m&rsquo;a apport\u00e9 une connaissance compl\u00e9mentaire, un atout majeur \u00e0 l&rsquo;\u00e9quilibre de ma sant\u00e9 dans ma globalit\u00e9 Corps \/ Mental \/ Esprit. Ce qui a r\u00e9duit de 80 % mes sympt\u00f4mes. J&rsquo;ai aussi rencontr\u00e9 toutes les parties de moi que j&rsquo;avais mis de c\u00f4t\u00e9s pour r\u00e9initialiser mon Unit\u00e9, me lib\u00e9rer de mes syst\u00e8mes de croyance et garder mes valeurs existantes pour les faire vivre dans mon quotidien. <\/p>\n\n\n<div class=\"wp-block-image\">\n<figure class=\"aligncenter size-large is-resized\"><img data-recalc-dims=\"1\" decoding=\"async\" src=\"https:\/\/i0.wp.com\/memoireducorps.fr\/wp-content\/uploads\/2020\/04\/ballet-1376250_1920-1024x680.jpg?resize=493%2C327\" alt=\"\" class=\"wp-image-484\" width=\"493\" height=\"327\" srcset=\"https:\/\/i0.wp.com\/memoireducorps.fr\/wp-content\/uploads\/2020\/04\/ballet-1376250_1920.jpg?resize=1024%2C680&amp;ssl=1 1024w, https:\/\/i0.wp.com\/memoireducorps.fr\/wp-content\/uploads\/2020\/04\/ballet-1376250_1920.jpg?resize=300%2C199&amp;ssl=1 300w, https:\/\/i0.wp.com\/memoireducorps.fr\/wp-content\/uploads\/2020\/04\/ballet-1376250_1920.jpg?resize=768%2C510&amp;ssl=1 768w, https:\/\/i0.wp.com\/memoireducorps.fr\/wp-content\/uploads\/2020\/04\/ballet-1376250_1920.jpg?resize=1536%2C1020&amp;ssl=1 1536w, https:\/\/i0.wp.com\/memoireducorps.fr\/wp-content\/uploads\/2020\/04\/ballet-1376250_1920.jpg?resize=90%2C60&amp;ssl=1 90w, https:\/\/i0.wp.com\/memoireducorps.fr\/wp-content\/uploads\/2020\/04\/ballet-1376250_1920.jpg?w=1920&amp;ssl=1 1920w\" sizes=\"(max-width: 493px) 100vw, 493px\" \/><\/figure>\n<\/div>\n\n\n<p class=\"has-text-align-center\"> J&rsquo;aime depuis toujours le <strong>mouvement<\/strong>. Cet \u00e9lan de Vie, cet art qui vibre au quotidien pour moi. <strong>Danseuse<\/strong> de m\u00e9tier, je suis attir\u00e9e par ce corps qui s&rsquo;\u00e9meut et s&rsquo;exprime sous forme de gr\u00e2ce. Cet esth\u00e9tisme de mouvements qui mis bout \u00e0 bout forment une danse.<\/p>\n\n\n<div class=\"wp-block-image\">\n<figure class=\"aligncenter size-large is-resized\"><img data-recalc-dims=\"1\" decoding=\"async\" src=\"https:\/\/i0.wp.com\/memoireducorps.fr\/wp-content\/uploads\/2020\/04\/paint-2985569_1920-1024x683.jpg?resize=371%2C247\" alt=\"\" class=\"wp-image-476\" width=\"371\" height=\"247\" srcset=\"https:\/\/i0.wp.com\/memoireducorps.fr\/wp-content\/uploads\/2020\/04\/paint-2985569_1920.jpg?resize=1024%2C683&amp;ssl=1 1024w, https:\/\/i0.wp.com\/memoireducorps.fr\/wp-content\/uploads\/2020\/04\/paint-2985569_1920.jpg?resize=300%2C200&amp;ssl=1 300w, https:\/\/i0.wp.com\/memoireducorps.fr\/wp-content\/uploads\/2020\/04\/paint-2985569_1920.jpg?resize=768%2C512&amp;ssl=1 768w, https:\/\/i0.wp.com\/memoireducorps.fr\/wp-content\/uploads\/2020\/04\/paint-2985569_1920.jpg?resize=1536%2C1024&amp;ssl=1 1536w, https:\/\/i0.wp.com\/memoireducorps.fr\/wp-content\/uploads\/2020\/04\/paint-2985569_1920.jpg?resize=450%2C300&amp;ssl=1 450w, https:\/\/i0.wp.com\/memoireducorps.fr\/wp-content\/uploads\/2020\/04\/paint-2985569_1920.jpg?resize=90%2C60&amp;ssl=1 90w, https:\/\/i0.wp.com\/memoireducorps.fr\/wp-content\/uploads\/2020\/04\/paint-2985569_1920.jpg?w=1920&amp;ssl=1 1920w\" sizes=\"(max-width: 371px) 100vw, 371px\" \/><\/figure>\n<\/div>\n\n\n<p class=\"has-text-align-center\"><strong>L&rsquo;esth\u00e9tique<\/strong> est la deuxi\u00e8me vague dans mon \u00e9lan de formation. J&rsquo;ai ouvert mon esprit \u00e0 la d\u00e9couverte de Soi, de l&rsquo;Autre par l&rsquo;interm\u00e9diaire du toucher \u00e9quilibr\u00e9. Le sens du mot <strong>\u00ab\u00a0prendre soin\u00a0\u00bb<\/strong> a toute sa place dans cet environnement. Je prends alors conscience que pour prendre soin d&rsquo;une personne j&rsquo;ai grand int\u00e9r\u00eat \u00e0 prendre soin de moi. S&rsquo;ouvre \u00e0 moi une porte nouvelle \u00e0 ma question: Y-a t-il une compl\u00e9mentarit\u00e9 au toucher ?<\/p>\n\n\n\n<figure class=\"wp-block-gallery aligncenter has-nested-images columns-default is-cropped wp-block-gallery-1 is-layout-flex wp-block-gallery-is-layout-flex\">\n<figure class=\"wp-block-image size-large\"><img data-recalc-dims=\"1\" loading=\"lazy\" decoding=\"async\" width=\"346\" height=\"346\" data-id=\"479\" src=\"https:\/\/i0.wp.com\/memoireducorps.fr\/wp-content\/uploads\/2020\/04\/Bien_etre_corps.jpg?resize=346%2C346\" alt=\"\" class=\"wp-image-479\" srcset=\"https:\/\/i0.wp.com\/memoireducorps.fr\/wp-content\/uploads\/2020\/04\/Bien_etre_corps.jpg?w=346&amp;ssl=1 346w, https:\/\/i0.wp.com\/memoireducorps.fr\/wp-content\/uploads\/2020\/04\/Bien_etre_corps.jpg?resize=300%2C300&amp;ssl=1 300w, https:\/\/i0.wp.com\/memoireducorps.fr\/wp-content\/uploads\/2020\/04\/Bien_etre_corps.jpg?resize=150%2C150&amp;ssl=1 150w, https:\/\/i0.wp.com\/memoireducorps.fr\/wp-content\/uploads\/2020\/04\/Bien_etre_corps.jpg?resize=60%2C60&amp;ssl=1 60w\" sizes=\"(max-width: 346px) 100vw, 346px\" \/><\/figure>\n\n\n\n<figure class=\"wp-block-image size-large\"><img data-recalc-dims=\"1\" loading=\"lazy\" decoding=\"async\" width=\"400\" height=\"392\" data-id=\"480\" src=\"https:\/\/i0.wp.com\/memoireducorps.fr\/wp-content\/uploads\/2020\/04\/kinesiologie.jpg?resize=400%2C392\" alt=\"\" class=\"wp-image-480\" srcset=\"https:\/\/i0.wp.com\/memoireducorps.fr\/wp-content\/uploads\/2020\/04\/kinesiologie.jpg?w=400&amp;ssl=1 400w, https:\/\/i0.wp.com\/memoireducorps.fr\/wp-content\/uploads\/2020\/04\/kinesiologie.jpg?resize=300%2C294&amp;ssl=1 300w, https:\/\/i0.wp.com\/memoireducorps.fr\/wp-content\/uploads\/2020\/04\/kinesiologie.jpg?resize=61%2C60&amp;ssl=1 61w\" sizes=\"(max-width: 400px) 100vw, 400px\" \/><\/figure>\n\n\n\n<figure class=\"wp-block-image size-large\"><img data-recalc-dims=\"1\" loading=\"lazy\" decoding=\"async\" width=\"1020\" height=\"677\" data-id=\"481\" src=\"https:\/\/i0.wp.com\/memoireducorps.fr\/wp-content\/uploads\/2020\/04\/treatment-1327811_1920-1024x680.jpg?resize=1020%2C677\" alt=\"\" class=\"wp-image-481\" srcset=\"https:\/\/i0.wp.com\/memoireducorps.fr\/wp-content\/uploads\/2020\/04\/treatment-1327811_1920.jpg?resize=1024%2C680&amp;ssl=1 1024w, https:\/\/i0.wp.com\/memoireducorps.fr\/wp-content\/uploads\/2020\/04\/treatment-1327811_1920.jpg?resize=300%2C199&amp;ssl=1 300w, https:\/\/i0.wp.com\/memoireducorps.fr\/wp-content\/uploads\/2020\/04\/treatment-1327811_1920.jpg?resize=768%2C510&amp;ssl=1 768w, https:\/\/i0.wp.com\/memoireducorps.fr\/wp-content\/uploads\/2020\/04\/treatment-1327811_1920.jpg?resize=1536%2C1020&amp;ssl=1 1536w, https:\/\/i0.wp.com\/memoireducorps.fr\/wp-content\/uploads\/2020\/04\/treatment-1327811_1920.jpg?resize=450%2C300&amp;ssl=1 450w, https:\/\/i0.wp.com\/memoireducorps.fr\/wp-content\/uploads\/2020\/04\/treatment-1327811_1920.jpg?resize=90%2C60&amp;ssl=1 90w, https:\/\/i0.wp.com\/memoireducorps.fr\/wp-content\/uploads\/2020\/04\/treatment-1327811_1920.jpg?w=1920&amp;ssl=1 1920w\" sizes=\"(max-width: 1020px) 100vw, 1020px\" \/><\/figure>\n<\/figure>\n\n\n\n<p class=\"has-text-align-center\">Mon \u00e2me a voulu peaufiner cette notion du corps et du toucher en d\u00e9couvrant la dimension de <strong>l&rsquo;\u00e9nergie<\/strong>. Ce qui m&rsquo;a orient\u00e9 dans un premier temps vers la <strong>m\u00e9decine chinoise<\/strong> et le <strong>Qi Gong<\/strong> dans un cadre th\u00e9rapeutique et dans un second temps j&rsquo;ai rencontr\u00e9 la <strong>Kin\u00e9siologie<\/strong> pour en faire mon troisi\u00e8me m\u00e9tier. Mettre en relation le <strong>dialogue<\/strong> entre mon corps et mes organes, entre mon corps et mes \u00e9motions, entre mon corps et mon esprit a \u00e9t\u00e9 pour moi la pi\u00e8ce manquante du puzzle. Je ressens une <strong>harmonie <\/strong>\u00e9nerg\u00e9tique, physique et psychologique au quotidien.<\/p>\n\n\n\n<p class=\"has-text-align-center\">Ces connaissances compl\u00e9mentaires au niveau de la <strong>globalit\u00e9 du corps<\/strong> me permettent de vous accompagner au cours des s\u00e9ances et pendant les formations au plus juste d&rsquo;<strong>exprimer qui vous \u00eates<\/strong>.<\/p>\n","protected":false},"excerpt":{"rendered":"<p>Emeline Fr\u00e9ville Kin\u00e9siologue depuis 2015, Instructrice en : Touch For Health1-4, M\u00e9taphores, Energies Tib\u00e9taines, TFH Proficiency KCS 1 (Kin\u00e9siologie Cr\u00e2nio-Sacr\u00e9e), Bases, EME (Equilibre, Mouvement, Emotions), KPN 1 (Kin\u00e9siologie P\u00e9ri-Natale) Certification d&rsquo;instructrice en cours : Stress Release 1-3 Convaincue depuis le plus jeune \u00e2ge des capacit\u00e9s du corps humain et de la relation intrins\u00e8que entre le &hellip; <\/p>\n","protected":false},"author":1,"featured_media":0,"parent":0,"menu_order":0,"comment_status":"closed","ping_status":"closed","template":"","meta":{"footnotes":""},"class_list":["post-29","page","type-page","status-publish","hentry"],"jetpack_sharing_enabled":true,"_links":{"self":[{"href":"https:\/\/memoireducorps.fr\/index.php\/wp-json\/wp\/v2\/pages\/29","targetHints":{"allow":["GET"]}}],"collection":[{"href":"https:\/\/memoireducorps.fr\/index.php\/wp-json\/wp\/v2\/pages"}],"about":[{"href":"https:\/\/memoireducorps.fr\/index.php\/wp-json\/wp\/v2\/types\/page"}],"author":[{"embeddable":true,"href":"https:\/\/memoireducorps.fr\/index.php\/wp-json\/wp\/v2\/users\/1"}],"replies":[{"embeddable":true,"href":"https:\/\/memoireducorps.fr\/index.php\/wp-json\/wp\/v2\/comments?post=29"}],"version-history":[{"count":29,"href":"https:\/\/memoireducorps.fr\/index.php\/wp-json\/wp\/v2\/pages\/29\/revisions"}],"predecessor-version":[{"id":1489,"href":"https:\/\/memoireducorps.fr\/index.php\/wp-json\/wp\/v2\/pages\/29\/revisions\/1489"}],"wp:attachment":[{"href":"https:\/\/memoireducorps.fr\/index.php\/wp-json\/wp\/v2\/media?parent=29"}],"curies":[{"name":"wp","href":"https:\/\/api.w.org\/{rel}","templated":true}]}}

<div class="wp-block-media-text alignwide" style="grid-template-columns:33% auto"><figure class="wp-block-media-text__media"><img data-recalc-dims="1" fetchpriority="high" decoding="async" width="446" height="572" src="https://i0.wp.com/memoireducorps.fr/wp-content/uploads/2020/05/emeu-site-2.jpg?resize=446%2C572&#038;ssl=1" alt="" class="wp-image-1138 size-full" srcset="https://i0.wp.com/memoireducorps.fr/wp-content/uploads/2020/05/emeu-site-2.jpg?w=446&amp;ssl=1 446w, https://i0.wp.com/memoireducorps.fr/wp-content/uploads/2020/05/emeu-site-2.jpg?resize=234%2C300&amp;ssl=1 234w, https://i0.wp.com/memoireducorps.fr/wp-content/uploads/2020/05/emeu-site-2.jpg?resize=47%2C60&amp;ssl=1 47w" sizes="(max-width: 446px) 100vw, 446px" /></figure><div class="wp-block-media-text__content">
<h2 class="has-text-align-center wp-block-heading">Emeline Fréville</h2>



<p class="has-text-align-center">Kinésiologue depuis 2015, Instructrice en :</p>



<ul class="wp-block-list"><li>Touch For Health1-4, Métaphores, Energies Tibétaines, TFH Proficiency</li><li>KCS 1 (Kinésiologie Crânio-Sacrée), </li><li>Bases, EME (Equilibre, Mouvement, Emotions), KPN 1 (Kinésiologie Péri-Natale)</li></ul>



<p class="has-text-align-center">Certification d&rsquo;instructrice en cours : Stress Release 1-3</p>
</div></div>



<p class="has-text-align-center">Convaincue depuis le plus jeune âge des capacités du corps humain et de la relation intrinsèque entre le psychique et le corps, j&rsquo;étais dans la dynamique d&rsquo;aller au bout de ma détermination à atteindre mes objectifs de gymnastes dans un premier temps, de danseuse et de tout ce que j&rsquo;entreprenais quand je l&rsquo;avais décidé. Quelques obstacles psychiques ont rencontré ma route dans ces ascensions notamment de nombreux décès de ma famille proche. Ce qui a affecté mon esprit puis mon corps jusqu&rsquo;à ce que la maladie m&rsquo;ait atteinte. </p>



<p class="has-text-align-center">La Kinésiologie m&rsquo;a apporté une connaissance complémentaire, un atout majeur à l&rsquo;équilibre de ma santé dans ma globalité Corps / Mental / Esprit. Ce qui a réduit de 80 % mes symptômes. J&rsquo;ai aussi rencontré toutes les parties de moi que j&rsquo;avais mis de côtés pour réinitialiser mon Unité, me libérer de mes systèmes de croyance et garder mes valeurs existantes pour les faire vivre dans mon quotidien. </p>


<div class="wp-block-image">
<figure class="aligncenter size-large is-resized"><img data-recalc-dims="1" decoding="async" src="https://i0.wp.com/memoireducorps.fr/wp-content/uploads/2020/04/ballet-1376250_1920-1024x680.jpg?resize=493%2C327" alt="" class="wp-image-484" width="493" height="327" srcset="https://i0.wp.com/memoireducorps.fr/wp-content/uploads/2020/04/ballet-1376250_1920.jpg?resize=1024%2C680&amp;ssl=1 1024w, https://i0.wp.com/memoireducorps.fr/wp-content/uploads/2020/04/ballet-1376250_1920.jpg?resize=300%2C199&amp;ssl=1 300w, https://i0.wp.com/memoireducorps.fr/wp-content/uploads/2020/04/ballet-1376250_1920.jpg?resize=768%2C510&amp;ssl=1 768w, https://i0.wp.com/memoireducorps.fr/wp-content/uploads/2020/04/ballet-1376250_1920.jpg?resize=1536%2C1020&amp;ssl=1 1536w, https://i0.wp.com/memoireducorps.fr/wp-content/uploads/2020/04/ballet-1376250_1920.jpg?resize=90%2C60&amp;ssl=1 90w, https://i0.wp.com/memoireducorps.fr/wp-content/uploads/2020/04/ballet-1376250_1920.jpg?w=1920&amp;ssl=1 1920w" sizes="(max-width: 493px) 100vw, 493px" /></figure>
</div>


<p class="has-text-align-center"> J&rsquo;aime depuis toujours le <strong>mouvement</strong>. Cet élan de Vie, cet art qui vibre au quotidien pour moi. <strong>Danseuse</strong> de métier, je suis attirée par ce corps qui s&rsquo;émeut et s&rsquo;exprime sous forme de grâce. Cet esthétisme de mouvements qui mis bout à bout forment une danse.</p>


<div class="wp-block-image">
<figure class="aligncenter size-large is-resized"><img data-recalc-dims="1" decoding="async" src="https://i0.wp.com/memoireducorps.fr/wp-content/uploads/2020/04/paint-2985569_1920-1024x683.jpg?resize=371%2C247" alt="" class="wp-image-476" width="371" height="247" srcset="https://i0.wp.com/memoireducorps.fr/wp-content/uploads/2020/04/paint-2985569_1920.jpg?resize=1024%2C683&amp;ssl=1 1024w, https://i0.wp.com/memoireducorps.fr/wp-content/uploads/2020/04/paint-2985569_1920.jpg?resize=300%2C200&amp;ssl=1 300w, https://i0.wp.com/memoireducorps.fr/wp-content/uploads/2020/04/paint-2985569_1920.jpg?resize=768%2C512&amp;ssl=1 768w, https://i0.wp.com/memoireducorps.fr/wp-content/uploads/2020/04/paint-2985569_1920.jpg?resize=1536%2C1024&amp;ssl=1 1536w, https://i0.wp.com/memoireducorps.fr/wp-content/uploads/2020/04/paint-2985569_1920.jpg?resize=450%2C300&amp;ssl=1 450w, https://i0.wp.com/memoireducorps.fr/wp-content/uploads/2020/04/paint-2985569_1920.jpg?resize=90%2C60&amp;ssl=1 90w, https://i0.wp.com/memoireducorps.fr/wp-content/uploads/2020/04/paint-2985569_1920.jpg?w=1920&amp;ssl=1 1920w" sizes="(max-width: 371px) 100vw, 371px" /></figure>
</div>


<p class="has-text-align-center"><strong>L&rsquo;esthétique</strong> est la deuxième vague dans mon élan de formation. J&rsquo;ai ouvert mon esprit à la découverte de Soi, de l&rsquo;Autre par l&rsquo;intermédiaire du toucher équilibré. Le sens du mot <strong>« prendre soin »</strong> a toute sa place dans cet environnement. Je prends alors conscience que pour prendre soin d&rsquo;une personne j&rsquo;ai grand intérêt à prendre soin de moi. S&rsquo;ouvre à moi une porte nouvelle à ma question: Y-a t-il une complémentarité au toucher ?</p>



<figure class="wp-block-gallery aligncenter has-nested-images columns-default is-cropped wp-block-gallery-1 is-layout-flex wp-block-gallery-is-layout-flex">
<figure class="wp-block-image size-large"><img data-recalc-dims="1" loading="lazy" decoding="async" width="346" height="346" data-id="479" src="https://i0.wp.com/memoireducorps.fr/wp-content/uploads/2020/04/Bien_etre_corps.jpg?resize=346%2C346" alt="" class="wp-image-479" srcset="https://i0.wp.com/memoireducorps.fr/wp-content/uploads/2020/04/Bien_etre_corps.jpg?w=346&amp;ssl=1 346w, https://i0.wp.com/memoireducorps.fr/wp-content/uploads/2020/04/Bien_etre_corps.jpg?resize=300%2C300&amp;ssl=1 300w, https://i0.wp.com/memoireducorps.fr/wp-content/uploads/2020/04/Bien_etre_corps.jpg?resize=150%2C150&amp;ssl=1 150w, https://i0.wp.com/memoireducorps.fr/wp-content/uploads/2020/04/Bien_etre_corps.jpg?resize=60%2C60&amp;ssl=1 60w" sizes="(max-width: 346px) 100vw, 346px" /></figure>



<figure class="wp-block-image size-large"><img data-recalc-dims="1" loading="lazy" decoding="async" width="400" height="392" data-id="480" src="https://i0.wp.com/memoireducorps.fr/wp-content/uploads/2020/04/kinesiologie.jpg?resize=400%2C392" alt="" class="wp-image-480" srcset="https://i0.wp.com/memoireducorps.fr/wp-content/uploads/2020/04/kinesiologie.jpg?w=400&amp;ssl=1 400w, https://i0.wp.com/memoireducorps.fr/wp-content/uploads/2020/04/kinesiologie.jpg?resize=300%2C294&amp;ssl=1 300w, https://i0.wp.com/memoireducorps.fr/wp-content/uploads/2020/04/kinesiologie.jpg?resize=61%2C60&amp;ssl=1 61w" sizes="(max-width: 400px) 100vw, 400px" /></figure>



<figure class="wp-block-image size-large"><img data-recalc-dims="1" loading="lazy" decoding="async" width="1020" height="677" data-id="481" src="https://i0.wp.com/memoireducorps.fr/wp-content/uploads/2020/04/treatment-1327811_1920-1024x680.jpg?resize=1020%2C677" alt="" class="wp-image-481" srcset="https://i0.wp.com/memoireducorps.fr/wp-content/uploads/2020/04/treatment-1327811_1920.jpg?resize=1024%2C680&amp;ssl=1 1024w, https://i0.wp.com/memoireducorps.fr/wp-content/uploads/2020/04/treatment-1327811_1920.jpg?resize=300%2C199&amp;ssl=1 300w, https://i0.wp.com/memoireducorps.fr/wp-content/uploads/2020/04/treatment-1327811_1920.jpg?resize=768%2C510&amp;ssl=1 768w, https://i0.wp.com/memoireducorps.fr/wp-content/uploads/2020/04/treatment-1327811_1920.jpg?resize=1536%2C1020&amp;ssl=1 1536w, https://i0.wp.com/memoireducorps.fr/wp-content/uploads/2020/04/treatment-1327811_1920.jpg?resize=450%2C300&amp;ssl=1 450w, https://i0.wp.com/memoireducorps.fr/wp-content/uploads/2020/04/treatment-1327811_1920.jpg?resize=90%2C60&amp;ssl=1 90w, https://i0.wp.com/memoireducorps.fr/wp-content/uploads/2020/04/treatment-1327811_1920.jpg?w=1920&amp;ssl=1 1920w" sizes="(max-width: 1020px) 100vw, 1020px" /></figure>
</figure>



<p class="has-text-align-center">Mon âme a voulu peaufiner cette notion du corps et du toucher en découvrant la dimension de <strong>l&rsquo;énergie</strong>. Ce qui m&rsquo;a orienté dans un premier temps vers la <strong>médecine chinoise</strong> et le <strong>Qi Gong</strong> dans un cadre thérapeutique et dans un second temps j&rsquo;ai rencontré la <strong>Kinésiologie</strong> pour en faire mon troisième métier. Mettre en relation le <strong>dialogue</strong> entre mon corps et mes organes, entre mon corps et mes émotions, entre mon corps et mon esprit a été pour moi la pièce manquante du puzzle. Je ressens une <strong>harmonie </strong>énergétique, physique et psychologique au quotidien.</p>



<p class="has-text-align-center">Ces connaissances complémentaires au niveau de la <strong>globalité du corps</strong> me permettent de vous accompagner au cours des séances et pendant les formations au plus juste d&rsquo;<strong>exprimer qui vous êtes</strong>.</p>

<p>Emeline Fréville Kinésiologue depuis 2015, Instructrice en : Touch For Health1-4, Métaphores, Energies Tibétaines, TFH Proficiency KCS 1 (Kinésiologie Crânio-Sacrée), Bases, EME (Equilibre, Mouvement, Emotions), KPN 1 (Kinésiologie Péri-Natale) Certification d&rsquo;instructrice en cours : Stress Release 1-3 Convaincue depuis le plus jeune âge des capacités du corps humain et de la relation intrinsèque entre le &hellip; </p>
