{"id":27,"date":"2020-02-17T12:10:35","date_gmt":"2020-02-17T11:10:35","guid":{"rendered":"http:\/\/memoireducorps.fr\/?page_id=27"},"modified":"2020-05-06T11:45:05","modified_gmt":"2020-05-06T09:45:05","slug":"la-kinesiologie","status":"publish","type":"page","link":"https:\/\/memoireducorps.fr\/index.php\/la-kinesiologie\/","title":{"rendered":"La Kin\u00e9siologie"},"content":{"rendered":"\n<div class=\"wp-block-media-text alignwide is-vertically-aligned-center\"><figure class=\"wp-block-media-text__media\"><img data-recalc-dims=\"1\" fetchpriority=\"high\" decoding=\"async\" width=\"1020\" height=\"636\" src=\"https:\/\/i0.wp.com\/memoireducorps.fr\/wp-content\/uploads\/2020\/04\/meditation-1000062_1920-1024x638.jpg?resize=1020%2C636\" alt=\"\" class=\"wp-image-500\" srcset=\"https:\/\/i0.wp.com\/memoireducorps.fr\/wp-content\/uploads\/2020\/04\/meditation-1000062_1920.jpg?resize=1024%2C638&amp;ssl=1 1024w, https:\/\/i0.wp.com\/memoireducorps.fr\/wp-content\/uploads\/2020\/04\/meditation-1000062_1920.jpg?resize=300%2C187&amp;ssl=1 300w, https:\/\/i0.wp.com\/memoireducorps.fr\/wp-content\/uploads\/2020\/04\/meditation-1000062_1920.jpg?resize=768%2C479&amp;ssl=1 768w, https:\/\/i0.wp.com\/memoireducorps.fr\/wp-content\/uploads\/2020\/04\/meditation-1000062_1920.jpg?resize=1536%2C958&amp;ssl=1 1536w, https:\/\/i0.wp.com\/memoireducorps.fr\/wp-content\/uploads\/2020\/04\/meditation-1000062_1920.jpg?resize=320%2C200&amp;ssl=1 320w, https:\/\/i0.wp.com\/memoireducorps.fr\/wp-content\/uploads\/2020\/04\/meditation-1000062_1920.jpg?resize=96%2C60&amp;ssl=1 96w, https:\/\/i0.wp.com\/memoireducorps.fr\/wp-content\/uploads\/2020\/04\/meditation-1000062_1920.jpg?w=1920&amp;ssl=1 1920w\" sizes=\"(max-width: 1020px) 100vw, 1020px\" \/><\/figure><div class=\"wp-block-media-text__content\">\n<figure class=\"wp-block-pullquote\"><blockquote><p> \u00ab&nbsp;La kin\u00e9siologie est une pratique professionnelle destin\u00e9e \u00e0 favoriser  un \u00e9tat d\u2019\u00e9quilibre et de bien-\u00eatre physique, mental et social.&nbsp;\u00bb <\/p><\/blockquote><\/figure>\n<\/div><\/div>\n\n\n\n<p class=\"has-text-align-center\">  La Vie, depuis la conception, est une succession d&rsquo;\u00e9v\u00e9nements que le corps a enregistr\u00e9 comme le ferai un ordinateur. <\/p>\n\n\n\n<p class=\"has-text-align-center\">L&rsquo;environnement familial, le contexte, les \u00e9motions, le stress avec lesquels ces \u00e9v\u00e9nements se sont enregistr\u00e9s font aujourd&rsquo;hui encore ce que nous sommes.<\/p>\n\n\n\n<p class=\"has-text-align-center\">Ca nous est tous arriv\u00e9s qu&rsquo;<strong>une odeur<\/strong> nous replonge dans notre enfance, qu&rsquo;une <strong>musique<\/strong> nous rappelle une relation amoureuse et que tous les <strong>souvenirs<\/strong> et <strong>\u00e9motions associ\u00e9s<\/strong> remontent \u00e0 la surface pour prendre toute la place de l&rsquo;instant pr\u00e9sent.<\/p>\n\n\n\n<p class=\"has-text-align-center\">C&rsquo;est effectivement le cas pour les \u00e9tapes difficiles de notre vie comme avoir perdu un concours, vivre une rupture amoureuse ou professionnelle et m\u00eame des d\u00e9c\u00e8s ou des maladies.<\/p>\n\n\n\n<p class=\"has-text-align-center\">Non exprim\u00e9s, ces \u00e9motions peuvent \u00eatre la r\u00e9sultante de <strong>blocages physiques, \u00e9motionnels<\/strong> qui se sont imprim\u00e9s quelque part dans notre coprs sous forme de <strong>douleurs<\/strong>, de maladie (<strong>\u00ab\u00a0mal-\u00e0 dit\u00a0\u00bb<\/strong>) ou tout autre sympt\u00f4mes comme le <strong>manque de confiance en soi, les peurs<\/strong> &#8230; qui nous emp\u00eachent d&rsquo;atteindre de mani\u00e8re fluide nos<strong> objectifs de vie, nos r\u00eaves <\/strong>!<\/p>\n\n\n\n<p class=\"has-text-align-center\"><strong>La kin\u00e9siologie<\/strong> est une technique corporelle qui prend contact avec notre <strong>ordinateur biologique<\/strong> pour <strong>lib\u00e9rer le stress<\/strong> ou <strong>exprimer des \u00e9motions<\/strong> refoul\u00e9es de <strong>mani\u00e8re douce<\/strong>.<\/p>\n\n\n\n<p class=\"has-text-align-center\"><strong>Le test  musculaire<\/strong>,  l&rsquo;outil du kin\u00e9siologue, est le g\u00e9n\u00e9rateur du <strong>langage  corporel<\/strong>. C&rsquo;est lui qui nous oriente sur les stress pass\u00e9s encore pr\u00e9sents et vers la<strong> \u00ab\u00a0solution\u00a0\u00bb la plus adapt\u00e9e<\/strong> pour que la personne atteigne ses <strong>objectifs<\/strong>.<\/p>\n\n\n\n<p class=\"has-text-align-center\">Bas\u00e9e sur la <strong>chiropraxie, les neurosciences et la m\u00e9decine chinoise<\/strong>, cette technique est id\u00e9ale pour accompagner une personne dans sa globalit\u00e9.<\/p>\n\n\n\n<p class=\"has-text-align-center\">Elle est <strong>\u00e9ducative<\/strong> car elle permet \u00e0 la personne de mieux g\u00e9rer son stress. Ce qui lui permet de <strong>se responsabiliser<\/strong> face \u00e0 ses objectifs au quotidien.<\/p>\n\n\n\n<p style=\"font-size:17px\" class=\"has-text-color has-text-align-center has-very-dark-gray-color\">L&rsquo;important est de s&rsquo;occuper de sa sant\u00e9 de mani\u00e8re <strong>pr\u00e9ventive<\/strong> pour une qualit\u00e9 de vie et une long\u00e9vit\u00e9. <\/p>\n\n\n\n<figure class=\"wp-block-pullquote\"><blockquote><p> La kin\u00e9siologie s\u2019inscrit dans ce que l\u2019OMS (Organisation mondiale de la  sant\u00e9) qualifie de \u00ab&nbsp;pr\u00e9vention primaire de la sant\u00e9&nbsp;\u00bb et&nbsp;est  r\u00e9pertori\u00e9e dans la cat\u00e9gorie : \u00ab&nbsp;D\u00e9veloppement personnel et bien-\u00eatre  de la personne&nbsp;\u00bb  <\/p><cite>OMS (Organisation Mondiale de la sante)<\/cite><\/blockquote><\/figure>\n\n\n\n<figure class=\"wp-block-embed-youtube aligncenter wp-block-embed is-type-video is-provider-youtube wp-embed-aspect-4-3 wp-has-aspect-ratio\"><div class=\"wp-block-embed__wrapper\">\n<div class=\"jetpack-video-wrapper\"><iframe title=\"La Crise - Medecine Chinoise\" width=\"1020\" height=\"765\" src=\"https:\/\/www.youtube.com\/embed\/JQU5R5uPBX8?feature=oembed\" frameborder=\"0\" allow=\"accelerometer; autoplay; encrypted-media; gyroscope; picture-in-picture\" allowfullscreen><\/iframe><\/div>\n<\/div><figcaption>Ceci est une vid\u00e9o pour expliquer la pr\u00e9vention de la sant\u00e9. Ce n&rsquo;est en aucun cas une pr\u00e9sentation de la kin\u00e9siologie. <br><\/figcaption><\/figure>\n","protected":false},"excerpt":{"rendered":"<p>\u00ab&nbsp;La kin\u00e9siologie est une pratique professionnelle destin\u00e9e \u00e0 favoriser un \u00e9tat d\u2019\u00e9quilibre et de bien-\u00eatre physique, mental et social.&nbsp;\u00bb La Vie, depuis la conception, est une succession d&rsquo;\u00e9v\u00e9nements que le corps a enregistr\u00e9 comme le ferai un ordinateur. L&rsquo;environnement familial, le contexte, les \u00e9motions, le stress avec lesquels ces \u00e9v\u00e9nements se sont enregistr\u00e9s font aujourd&rsquo;hui &hellip; <\/p>\n","protected":false},"author":1,"featured_media":500,"parent":0,"menu_order":0,"comment_status":"closed","ping_status":"closed","template":"","meta":{"footnotes":""},"class_list":["post-27","page","type-page","status-publish","has-post-thumbnail","hentry"],"jetpack_sharing_enabled":true,"_links":{"self":[{"href":"https:\/\/memoireducorps.fr\/index.php\/wp-json\/wp\/v2\/pages\/27","targetHints":{"allow":["GET"]}}],"collection":[{"href":"https:\/\/memoireducorps.fr\/index.php\/wp-json\/wp\/v2\/pages"}],"about":[{"href":"https:\/\/memoireducorps.fr\/index.php\/wp-json\/wp\/v2\/types\/page"}],"author":[{"embeddable":true,"href":"https:\/\/memoireducorps.fr\/index.php\/wp-json\/wp\/v2\/users\/1"}],"replies":[{"embeddable":true,"href":"https:\/\/memoireducorps.fr\/index.php\/wp-json\/wp\/v2\/comments?post=27"}],"version-history":[{"count":2,"href":"https:\/\/memoireducorps.fr\/index.php\/wp-json\/wp\/v2\/pages\/27\/revisions"}],"predecessor-version":[{"id":659,"href":"https:\/\/memoireducorps.fr\/index.php\/wp-json\/wp\/v2\/pages\/27\/revisions\/659"}],"wp:featuredmedia":[{"embeddable":true,"href":"https:\/\/memoireducorps.fr\/index.php\/wp-json\/wp\/v2\/media\/500"}],"wp:attachment":[{"href":"https:\/\/memoireducorps.fr\/index.php\/wp-json\/wp\/v2\/media?parent=27"}],"curies":[{"name":"wp","href":"https:\/\/api.w.org\/{rel}","templated":true}]}}

La Kinésiologie

<div class="wp-block-media-text alignwide is-vertically-aligned-center"><figure class="wp-block-media-text__media"><img data-recalc-dims="1" fetchpriority="high" decoding="async" width="1020" height="636" src="https://i0.wp.com/memoireducorps.fr/wp-content/uploads/2020/04/meditation-1000062_1920-1024x638.jpg?resize=1020%2C636" alt="" class="wp-image-500" srcset="https://i0.wp.com/memoireducorps.fr/wp-content/uploads/2020/04/meditation-1000062_1920.jpg?resize=1024%2C638&amp;ssl=1 1024w, https://i0.wp.com/memoireducorps.fr/wp-content/uploads/2020/04/meditation-1000062_1920.jpg?resize=300%2C187&amp;ssl=1 300w, https://i0.wp.com/memoireducorps.fr/wp-content/uploads/2020/04/meditation-1000062_1920.jpg?resize=768%2C479&amp;ssl=1 768w, https://i0.wp.com/memoireducorps.fr/wp-content/uploads/2020/04/meditation-1000062_1920.jpg?resize=1536%2C958&amp;ssl=1 1536w, https://i0.wp.com/memoireducorps.fr/wp-content/uploads/2020/04/meditation-1000062_1920.jpg?resize=320%2C200&amp;ssl=1 320w, https://i0.wp.com/memoireducorps.fr/wp-content/uploads/2020/04/meditation-1000062_1920.jpg?resize=96%2C60&amp;ssl=1 96w, https://i0.wp.com/memoireducorps.fr/wp-content/uploads/2020/04/meditation-1000062_1920.jpg?w=1920&amp;ssl=1 1920w" sizes="(max-width: 1020px) 100vw, 1020px" /></figure><div class="wp-block-media-text__content">
<figure class="wp-block-pullquote"><blockquote><p> «&nbsp;La kinésiologie est une pratique professionnelle destinée à favoriser  un état d’équilibre et de bien-être physique, mental et social.&nbsp;» </p></blockquote></figure>
</div></div>



<p class="has-text-align-center">  La Vie, depuis la conception, est une succession d&rsquo;événements que le corps a enregistré comme le ferai un ordinateur. </p>



<p class="has-text-align-center">L&rsquo;environnement familial, le contexte, les émotions, le stress avec lesquels ces événements se sont enregistrés font aujourd&rsquo;hui encore ce que nous sommes.</p>



<p class="has-text-align-center">Ca nous est tous arrivés qu&rsquo;<strong>une odeur</strong> nous replonge dans notre enfance, qu&rsquo;une <strong>musique</strong> nous rappelle une relation amoureuse et que tous les <strong>souvenirs</strong> et <strong>émotions associés</strong> remontent à la surface pour prendre toute la place de l&rsquo;instant présent.</p>



<p class="has-text-align-center">C&rsquo;est effectivement le cas pour les étapes difficiles de notre vie comme avoir perdu un concours, vivre une rupture amoureuse ou professionnelle et même des décès ou des maladies.</p>



<p class="has-text-align-center">Non exprimés, ces émotions peuvent être la résultante de <strong>blocages physiques, émotionnels</strong> qui se sont imprimés quelque part dans notre coprs sous forme de <strong>douleurs</strong>, de maladie (<strong>« mal-à dit »</strong>) ou tout autre symptômes comme le <strong>manque de confiance en soi, les peurs</strong> &#8230; qui nous empêchent d&rsquo;atteindre de manière fluide nos<strong> objectifs de vie, nos rêves </strong>!</p>



<p class="has-text-align-center"><strong>La kinésiologie</strong> est une technique corporelle qui prend contact avec notre <strong>ordinateur biologique</strong> pour <strong>libérer le stress</strong> ou <strong>exprimer des émotions</strong> refoulées de <strong>manière douce</strong>.</p>



<p class="has-text-align-center"><strong>Le test  musculaire</strong>,  l&rsquo;outil du kinésiologue, est le générateur du <strong>langage  corporel</strong>. C&rsquo;est lui qui nous oriente sur les stress passés encore présents et vers la<strong> « solution » la plus adaptée</strong> pour que la personne atteigne ses <strong>objectifs</strong>.</p>



<p class="has-text-align-center">Basée sur la <strong>chiropraxie, les neurosciences et la médecine chinoise</strong>, cette technique est idéale pour accompagner une personne dans sa globalité.</p>



<p class="has-text-align-center">Elle est <strong>éducative</strong> car elle permet à la personne de mieux gérer son stress. Ce qui lui permet de <strong>se responsabiliser</strong> face à ses objectifs au quotidien.</p>



<p style="font-size:17px" class="has-text-color has-text-align-center has-very-dark-gray-color">L&rsquo;important est de s&rsquo;occuper de sa santé de manière <strong>préventive</strong> pour une qualité de vie et une longévité. </p>



<figure class="wp-block-pullquote"><blockquote><p> La kinésiologie s’inscrit dans ce que l’OMS (Organisation mondiale de la  santé) qualifie de «&nbsp;prévention primaire de la santé&nbsp;» et&nbsp;est  répertoriée dans la catégorie : «&nbsp;Développement personnel et bien-être  de la personne&nbsp;»  </p><cite>OMS (Organisation Mondiale de la sante)</cite></blockquote></figure>



<figure class="wp-block-embed-youtube aligncenter wp-block-embed is-type-video is-provider-youtube wp-embed-aspect-4-3 wp-has-aspect-ratio"><div class="wp-block-embed__wrapper">
<div class="jetpack-video-wrapper"><iframe title="La Crise - Medecine Chinoise" width="1020" height="765" src="https://www.youtube.com/embed/JQU5R5uPBX8?feature=oembed" frameborder="0" allow="accelerometer; autoplay; encrypted-media; gyroscope; picture-in-picture" allowfullscreen></iframe></div>
</div><figcaption>Ceci est une vidéo pour expliquer la prévention de la santé. Ce n&rsquo;est en aucun cas une présentation de la kinésiologie. <br></figcaption></figure>

<p>«&nbsp;La kinésiologie est une pratique professionnelle destinée à favoriser un état d’équilibre et de bien-être physique, mental et social.&nbsp;» La Vie, depuis la conception, est une succession d&rsquo;événements que le corps a enregistré comme le ferai un ordinateur. L&rsquo;environnement familial, le contexte, les émotions, le stress avec lesquels ces événements se sont enregistrés font aujourd&rsquo;hui &hellip; </p>
