{"id":16,"date":"2020-02-16T17:36:27","date_gmt":"2020-02-16T16:36:27","guid":{"rendered":"http:\/\/memoireducorps.fr\/?page_id=16"},"modified":"2020-05-10T22:34:35","modified_gmt":"2020-05-10T20:34:35","slug":"formations","status":"publish","type":"page","link":"https:\/\/memoireducorps.fr\/index.php\/formations\/","title":{"rendered":"Formations"},"content":{"rendered":"\n<h1 class=\"has-text-align-center wp-block-heading\">Touch For Health \/ Energie Tib\u00e9taine \/ KCS \/ Brain Gym <\/h1>\n\n\n\n<h2 class=\"has-text-align-center wp-block-heading\">A qui s&rsquo;adresse la formation en kin\u00e9siologie ?<\/h2>\n\n\n\n<ul class=\"wp-block-list\"><li>Si vous \u00eates en reconversion professionnelle et vous d\u00e9sirez apprendre un nouveau m\u00e9tier<\/li><li>Si vous \u00eates professionnels de la sant\u00e9 et que vous voulez ajouter des outils \u00e0 votre pratique initiale<\/li><li>Si tout simplement vous voulez apprendre des techniques pour garder votre sant\u00e9 en \u00e9quilibre au quotidien et en famille<\/li><\/ul>\n\n\n\n<p>Plusieures formations certifiantes s&rsquo;offrent \u00e0 vous :<\/p>\n\n\n\n<div class=\"wp-block-columns is-layout-flex wp-container-core-columns-is-layout-9d6595d7 wp-block-columns-is-layout-flex\">\n<div class=\"wp-block-column is-layout-flow wp-block-column-is-layout-flow\">\n<figure class=\"wp-block-image size-large is-resized\"><a href=\"https:\/\/memoireducorps.fr\/index.php\/touch-for-health\/\" target=\"_blank\" rel=\"noopener noreferrer\"><img data-recalc-dims=\"1\" fetchpriority=\"high\" decoding=\"async\" src=\"https:\/\/i0.wp.com\/memoireducorps.fr\/wp-content\/uploads\/2020\/02\/kinesiologie.jpg?resize=284%2C278\" alt=\"\" class=\"wp-image-46\" width=\"284\" height=\"278\" srcset=\"https:\/\/i0.wp.com\/memoireducorps.fr\/wp-content\/uploads\/2020\/02\/kinesiologie.jpg?w=400&amp;ssl=1 400w, https:\/\/i0.wp.com\/memoireducorps.fr\/wp-content\/uploads\/2020\/02\/kinesiologie.jpg?resize=300%2C294&amp;ssl=1 300w, https:\/\/i0.wp.com\/memoireducorps.fr\/wp-content\/uploads\/2020\/02\/kinesiologie.jpg?resize=61%2C60&amp;ssl=1 61w\" sizes=\"(max-width: 284px) 100vw, 284px\" \/><\/a><figcaption><strong>Touch For Health<\/strong><\/figcaption><\/figure>\n<\/div>\n\n\n\n<div class=\"wp-block-column is-layout-flow wp-block-column-is-layout-flow\">\n<div class=\"wp-block-image is-style-default\"><figure class=\"aligncenter size-large is-resized\"><a href=\"https:\/\/memoireducorps.fr\/index.php\/kinesiologie-cranio-sacre\/\" target=\"_blank\" rel=\"noopener noreferrer\"><img data-recalc-dims=\"1\" decoding=\"async\" src=\"https:\/\/i0.wp.com\/memoireducorps.fr\/wp-content\/uploads\/2020\/04\/skull-41557_1280.png?resize=241%2C186&#038;ssl=1\" alt=\"\" class=\"wp-image-439\" width=\"241\" height=\"186\" srcset=\"https:\/\/i0.wp.com\/memoireducorps.fr\/wp-content\/uploads\/2020\/04\/skull-41557_1280.png?resize=1024%2C796&amp;ssl=1 1024w, https:\/\/i0.wp.com\/memoireducorps.fr\/wp-content\/uploads\/2020\/04\/skull-41557_1280.png?resize=300%2C233&amp;ssl=1 300w, https:\/\/i0.wp.com\/memoireducorps.fr\/wp-content\/uploads\/2020\/04\/skull-41557_1280.png?resize=768%2C597&amp;ssl=1 768w, https:\/\/i0.wp.com\/memoireducorps.fr\/wp-content\/uploads\/2020\/04\/skull-41557_1280.png?resize=77%2C60&amp;ssl=1 77w, https:\/\/i0.wp.com\/memoireducorps.fr\/wp-content\/uploads\/2020\/04\/skull-41557_1280.png?w=1280&amp;ssl=1 1280w\" sizes=\"(max-width: 241px) 100vw, 241px\" \/><\/a><figcaption><strong>Kin\u00e9siologie Cr\u00e2nio-Sacr\u00e9 ( KCS )<\/strong><\/figcaption><\/figure><\/div>\n<\/div>\n<\/div>\n\n\n\n<div class=\"wp-block-columns is-layout-flex wp-container-core-columns-is-layout-9d6595d7 wp-block-columns-is-layout-flex\">\n<div class=\"wp-block-column is-layout-flow wp-block-column-is-layout-flow\">\n<div class=\"wp-block-image is-style-rounded\"><figure class=\"aligncenter size-large is-resized\"><a href=\"https:\/\/memoireducorps.fr\/index.php\/energie-tibetaine\/\" target=\"_blank\" rel=\"noopener noreferrer\"><img data-recalc-dims=\"1\" decoding=\"async\" src=\"https:\/\/i0.wp.com\/memoireducorps.fr\/wp-content\/uploads\/2020\/03\/tibet-3450337_1920.jpg?resize=219%2C145&#038;ssl=1\" alt=\"\" class=\"wp-image-420\" width=\"219\" height=\"145\" srcset=\"https:\/\/i0.wp.com\/memoireducorps.fr\/wp-content\/uploads\/2020\/03\/tibet-3450337_1920.jpg?resize=1024%2C683&amp;ssl=1 1024w, https:\/\/i0.wp.com\/memoireducorps.fr\/wp-content\/uploads\/2020\/03\/tibet-3450337_1920.jpg?resize=300%2C200&amp;ssl=1 300w, https:\/\/i0.wp.com\/memoireducorps.fr\/wp-content\/uploads\/2020\/03\/tibet-3450337_1920.jpg?resize=768%2C512&amp;ssl=1 768w, https:\/\/i0.wp.com\/memoireducorps.fr\/wp-content\/uploads\/2020\/03\/tibet-3450337_1920.jpg?resize=1536%2C1024&amp;ssl=1 1536w, https:\/\/i0.wp.com\/memoireducorps.fr\/wp-content\/uploads\/2020\/03\/tibet-3450337_1920.jpg?resize=450%2C300&amp;ssl=1 450w, https:\/\/i0.wp.com\/memoireducorps.fr\/wp-content\/uploads\/2020\/03\/tibet-3450337_1920.jpg?resize=90%2C60&amp;ssl=1 90w, https:\/\/i0.wp.com\/memoireducorps.fr\/wp-content\/uploads\/2020\/03\/tibet-3450337_1920.jpg?w=1920&amp;ssl=1 1920w\" sizes=\"(max-width: 219px) 100vw, 219px\" \/><\/a><figcaption><strong>Energie Tib\u00e9taine<\/strong><\/figcaption><\/figure><\/div>\n<\/div>\n\n\n\n<div class=\"wp-block-column is-layout-flow wp-block-column-is-layout-flow\">\n<figure class=\"wp-block-image size-large is-resized is-style-default\"><a href=\"https:\/\/memoireducorps.fr\/index.php\/brain-gym\/\" target=\"_blank\" rel=\"noopener noreferrer\"><img data-recalc-dims=\"1\" loading=\"lazy\" decoding=\"async\" src=\"https:\/\/i0.wp.com\/memoireducorps.fr\/wp-content\/uploads\/2020\/04\/mouvement-brain-gym.jpg?resize=346%2C143&#038;ssl=1\" alt=\"\" class=\"wp-image-823\" width=\"346\" height=\"143\" srcset=\"https:\/\/i0.wp.com\/memoireducorps.fr\/wp-content\/uploads\/2020\/04\/mouvement-brain-gym.jpg?w=960&amp;ssl=1 960w, https:\/\/i0.wp.com\/memoireducorps.fr\/wp-content\/uploads\/2020\/04\/mouvement-brain-gym.jpg?resize=300%2C124&amp;ssl=1 300w, https:\/\/i0.wp.com\/memoireducorps.fr\/wp-content\/uploads\/2020\/04\/mouvement-brain-gym.jpg?resize=768%2C318&amp;ssl=1 768w, https:\/\/i0.wp.com\/memoireducorps.fr\/wp-content\/uploads\/2020\/04\/mouvement-brain-gym.jpg?resize=145%2C60&amp;ssl=1 145w\" sizes=\"(max-width: 346px) 100vw, 346px\" \/><\/a><figcaption><strong>Brain Gym<\/strong><\/figcaption><\/figure>\n\n\n\n<p><\/p>\n<\/div>\n<\/div>\n\n\n\n<p class=\"has-text-align-center\">Pour plus d&rsquo;informations, rendez-vous sur ma page <a rel=\"noreferrer noopener\" href=\"https:\/\/memoireducorps.fr\/index.php\/contact\/\" target=\"_blank\">Contact<\/a>.<\/p>\n","protected":false},"excerpt":{"rendered":"<p>Touch For Health \/ Energie Tib\u00e9taine \/ KCS \/ Brain Gym A qui s&rsquo;adresse la formation en kin\u00e9siologie ? Si vous \u00eates en reconversion professionnelle et vous d\u00e9sirez apprendre un nouveau m\u00e9tier Si vous \u00eates professionnels de la sant\u00e9 et que vous voulez ajouter des outils \u00e0 votre pratique initiale Si tout simplement vous voulez &hellip; <\/p>\n","protected":false},"author":1,"featured_media":14,"parent":0,"menu_order":0,"comment_status":"closed","ping_status":"closed","template":"","meta":{"footnotes":""},"class_list":["post-16","page","type-page","status-publish","has-post-thumbnail","hentry"],"jetpack_sharing_enabled":true,"_links":{"self":[{"href":"https:\/\/memoireducorps.fr\/index.php\/wp-json\/wp\/v2\/pages\/16","targetHints":{"allow":["GET"]}}],"collection":[{"href":"https:\/\/memoireducorps.fr\/index.php\/wp-json\/wp\/v2\/pages"}],"about":[{"href":"https:\/\/memoireducorps.fr\/index.php\/wp-json\/wp\/v2\/types\/page"}],"author":[{"embeddable":true,"href":"https:\/\/memoireducorps.fr\/index.php\/wp-json\/wp\/v2\/users\/1"}],"replies":[{"embeddable":true,"href":"https:\/\/memoireducorps.fr\/index.php\/wp-json\/wp\/v2\/comments?post=16"}],"version-history":[{"count":32,"href":"https:\/\/memoireducorps.fr\/index.php\/wp-json\/wp\/v2\/pages\/16\/revisions"}],"predecessor-version":[{"id":1165,"href":"https:\/\/memoireducorps.fr\/index.php\/wp-json\/wp\/v2\/pages\/16\/revisions\/1165"}],"wp:featuredmedia":[{"embeddable":true,"href":"https:\/\/memoireducorps.fr\/index.php\/wp-json\/wp\/v2\/media\/14"}],"wp:attachment":[{"href":"https:\/\/memoireducorps.fr\/index.php\/wp-json\/wp\/v2\/media?parent=16"}],"curies":[{"name":"wp","href":"https:\/\/api.w.org\/{rel}","templated":true}]}}